ue
Is 127723 a prime number?
False
Is 141353 a composite number?
False
Is 4751 prime?
True
Is 2967259 a prime number?
True
Is 10099 a composite number?
False
Is 8513 composite?
False
Is 18859 composite?
False
Is 667 a prime number?
False
Is 43951 a prime number?
True
Is 77907 a composite number?
True
Is 83333 prime?
False
Is 943969 prime?
False
Is 53503 composite?
False
Is 67447 a composite number?
False
Is 1956953 composite?
False
Is 2099467 a prime number?
True
Is 103893 a prime number?
False
Is 7009 a composite number?
True
Is 43573 a prime number?
True
Is 136163 a prime number?
True
Is 9979 a composite number?
True
Is 4301183 prime?
False
Is 1337 a composite number?
True
Is 108263 composite?
False
Is 23753 a prime number?
True
Is 4911 composite?
True
Is 521 a prime number?
True
Is 17555 a composite number?
True
Is 6547 composite?
False
Is 7451 prime?
True
Is 18199 prime?
True
Is 56983 prime?
True
Is 5623 composite?
False
Is 64495 a prime number?
False
Is 16078 a composite number?
True
Is 1759 a prime number?
True
Is 2102 composite?
True
Is 29769 composite?
True
Is 329089 composite?
False
Is 18782 prime?
False
Is 531281 a composite number?
False
Is 22681 a prime number?
False
Is 56473 a composite number?
False
Is 911561 composite?
True
Is 160613 prime?
False
Is 164953 prime?
True
Is 68599 composite?
True
Is 93307 prime?
True
Is 1767819 prime?
False
Is 10673 composite?
True
Is 152567 prime?
True
Is 239929 prime?
True
Is 1686523 composite?
True
Is 18113 composite?
True
Is 5489 prime?
False
Is 30079 prime?
False
Is 6197 prime?
True
Is 70427 a prime number?
False
Is 72211 prime?
True
Is 59911 composite?
True
Is 15167 a composite number?
True
Is 152363 composite?
False
Is 577123 a composite number?
False
Is 91909 prime?
True
Is 2502857 composite?
True
Is 48847 prime?
True
Is 223423 composite?
False
Is 26735 prime?
False
Is 255763 a prime number?
True
Is 13501 composite?
True
Is 449 prime?
True
Is 202677 prime?
False
Is 52447 a composite number?
True
Is 94343 prime?
True
Is 17897 a composite number?
True
Is 623989 a prime number?
True
Is 124853 a prime number?
True
Is 493 a composite number?
True
Is 110773 a prime number?
False
Is 220091 composite?
True
Is 246073 a prime number?
True
Is 316487 composite?
True
Is 29947 prime?
True
Is 326 a composite number?
True
Is 16495 a prime number?
False
Is 56249 a composite number?
False
Is 24349 prime?
False
Is 32447 a prime number?
False
Is 2393 prime?
True
Is 5455 prime?
False
Is 4111 composite?
False
Is 38383 a composite number?
True
Is 85411 a prime number?
True
Is 11677 prime?
True
Is 1893 a prime number?
False
Is 334833 composite?
True
Is 37894 prime?
False
Is 24611 composite?
False
Is 177259 composite?
True
Is 100883 prime?
False
Is 1637 a prime number?
True
Is 12763 a prime number?
True
Is 118211 prime?
True
Is 341117 prime?
False
Is 484917 prime?
False
Is 3019 a composite number?
False
Is 12391 a composite number?
False
Is 16859 composite?
True
Is 1651 a composite number?
True
Is 1430897 prime?
False
Is 798691 prime?
True
Is 18329 prime?
True
Is 1299801 composite?
True
Is 13643 prime?
False
Is 268841 composite?
False
Is 45691 a prime number?
True
Is 6261 a composite number?
True
Is 67679 a composite number?
False
Is 15077 prime?
True
Is 4267 a composite number?
True
Is 4377 a composite number?
True
Is 12539 a prime number?
True
Is 6185 prime?
False
Is 80909 a composite number?
False
Is 139267 prime?
True
Is 51383 composite?
False
Is 14206 composite?
True
Is 43867 a composite number?
False
Is 59291 composite?
True
Is 89153 a composite number?
False
Is 161693 a prime number?
False
Is 143607 prime?
False
Is 40693 a prime number?
True
Is 1361 composite?
False
Is 38039 a composite number?
False
Is 10801555 a prime number?
False
Is 116695 a composite number?
True
Is 506773 prime?
True
Is 1949 a composite number?
False
Is 310273 prime?
True
Is 6535765 a composite number?
True
Is 116553 prime?
False
Is 151799 a composite number?
False
Is 612439 composite?
False
Is 290437 a prime number?
False
Is 8263 composite?
False
Is 21269 prime?
True
Is 10039 composite?
False
Is 4379 a prime number?
False
Is 23741 a composite number?
False
Is 13373 composite?
True
Is 447 composite?
True
Is 4721 composite?
False
Is 1215749 a composite number?
True
Is 46721 prime?
False
Is 3377 a composite number?
True
Is 3208735 a composite number?
True
Is 638663 a prime number?
True
Is 2843 a prime number?
True
Is 362839 a composite number?
True
Is 50723 prime?
True
Is 53681 a prime number?
True
Is 22429 composite?
True
Is 474413 composite?
False
Is 18041 composite?
False
Is 72307 a composite number?
False
Is 149503 a prime number?
True
Is 3007421 a prime number?
True
Is 4729 composite?
False
Is 1331029 prime?
False
Is 53563 composite?
True
Is 16243 prime?
False
Is 8191 a prime number?
True
Is 79694 prime?
False
Is 390233 a composite number?
True
Is 22229 composite?
False
Is 67211 composite?
False
Is 21541 composite?
True
Is 1151 a prime number?
True
Is 440273 prime?
False
Is 91673 prime?
True
Is 1768081 prime?
False
Is 291 prime?
False
Is 793939 composite?
False
Is 2034661 composite?
False
Is 19385 a composite number?
True
Is 599369 a composite number?
True
Is 30089 prime?
True
Is 968817 a prime number?
False
Is 11785 a prime number?
False
Is 27997 a prime number?
True
Is 1321919 prime?
True
Is 4365029 prime?
True
Is 83617 a composite number?
False
Is 37397 composite?
False
Is 1129719 a prime number?
False
Is 7989 a composite number?
True
Is 31531 a prime number?
True
Is 547 prime?
True
Is 312451 prime?
True
Is 12323 composite?
False
Is 2246 prime?
False
Is 175745 a composite number?
True
Is 156467 prime?
True
Is 838397 composite?
True
Is 43913 composite?
False
Is 2521 composite?
False
Is 11659 a prime number?
False
Is 2289401 a composite number?
False
Is 135781 a prime number?
True
Is 472189 a prime number?
True
Is 1207 a composite number?
True
Is 5513 prime?
False
Is 20863 composite?
True
Is 20011 composite?
False
Is 762937 prime?
False
Is 147047 composite?
False
Is 459373 composite?
False
Is 37119 a composite number?
True
Is 15569 a prime number?
True
Is 9151 a composite number?
False
Is 144817 composite?
False
Is 218291 prime?
False
Is 647 prime?
True
Is 461479 prime?
True
Is 2570311 prime?
True
Is 535 a prime number?
False
Is 261221 a prime number?
False
Is 58523 a composite number?
True
Is 61129 a composite number?
False
Is 54919 composite?
False
Is 1247 prime?
False
Is 137699 composite?
False
Is 200639 a prime number?
True
Is 41579 composite?
False
Is 1257 a composite number?
True
Is 2771 a prime number?
False
Is 417943 prime?
False
Is 1811791 a prime number?
True
Is 123853 a composite number?
False
Is 20599 composite?
False
Is 84913 a composite number?
False
Is 6997 a composite number?
False
Is 33427 composite?
False
Is 23186 prime?
False
Is 63673 a composite number?
True
Is 115953 a composite number?
True
Is 245821 prime?
True
Is 190139 a composite number?
True
Is 16078 composite?
True
Is 21477 composite?
True
Is 470863 a composite number?
False
Is 8149 a prime number?
False
Is 171013 prime?
False
Is 263009 a prime number?
True
Is 104731 a composite number?
True
Is 968717 composite?
True
Is 7993 a composite number?
False
Is 20697 a composite number?
True
Is 149603 a composite number?
False
Is 1171669 composite?
False
Is 233578 prime?
False
Is 59258 a composite number?
True
Is 7061 a composite number?
True
Is 631 a prime number?
True
Is 93131 a composite number?
False
Is 5359 composite?
True
Is 3049 a composite number?
False
Is 896531 composite?
False
Is 25693 a prime number?
True
Is 10249 composite?
True
Is 8999 a prime number?
True
Is 17362 a prime number?
False
Is 53777 a composite number?
False
Is 7237 a prime number?
True
Is 758083 composite?
False
Is 270653 composite?
False
Is 15809 a prime number?
True
Is 17453 a prime number?
False
Is 43141 prime?
False
Is 29413 composite?
True
Is 132035 composite?
True
Is 1392503 a prime number?
False
Is 8223 composite?
True
Is 3094661 prime?
True
Is 182119 prime?
False
Is 18427 prime?
True
Is 10483 prime?
False
Is 22853 a composite number?
False
Is 230369 composite?
False
Is 329233 a composite number?
False
Is 10903 a composite number?
False
Is 2129 a prime number?
True
Is 12451